{"id":282,"date":"2017-08-08T10:28:12","date_gmt":"2017-08-08T10:28:12","guid":{"rendered":"http:\/\/citycenterone.hr\/split\/?page_id=282"},"modified":"2023-09-25T12:42:00","modified_gmt":"2023-09-25T12:42:00","slug":"kako-do-nas","status":"publish","type":"page","link":"https:\/\/citycenterone.hr\/split\/kako-do-nas\/","title":{"rendered":"KAKO DO NAS"},"content":{"rendered":"<div class=\"contact clearfix\">\n\n    <div class=\"contact__column col-12\">\n\n                    <h2 class=\"contact__title\">\n                KAKO DO NAS\n            <\/h2>\n        \n                    <div class=\"contact__content\">\n                <p class=\"lead\">Jednostavno nas prona\u0111ite bilo da dolazite automobilom ili javnim gradskim prijevozom.<\/p>\n<p>City Center one nalazi se u novom dijelu Vukovarske ulice, iza kri\u017eanja s Lovrina\u010dkom, na broju 207. Osobnim automobilom ili taxi-jem, osim Vukovarskom ulicom, mogu\u0107e je do\u0107i i od smjera Lovrinca kao i iz smjera Sirobuje.<\/p>\n<p>Do City Centera one mo\u017eete do\u0107i i javnim gradskim prijevozom:<br \/>\n<strong>\u2013 broj 18 i broj 25<\/strong> (do City Centera one)<br \/>\n<strong>\u2013 broj 3<\/strong>\u00a0(do Lovrinca)<br \/>\n<strong>\u2013 broj 6<\/strong>\u00a0(do Kile)<\/p>\n<p>Preporu\u010dujemo taxi:<br \/>\n\u2013 Yellow taxi:\u00a0<a class=\"fl r-ia_GDMcaxXS0\" title=\"Poziv putem Hangoutsa\" href=\"https:\/\/www.google.com\/search?q=yellow+taxi+split&amp;rlz=1C1EJFA_enHR763HR763&amp;oq=yellow+ta&amp;aqs=chrome.2.69i57j0l5.3812j0j7&amp;sourceid=chrome&amp;ie=UTF-8#\" data-number=\"+38521208208\" data-pstn-out-call-url=\"\" data-rtid=\"ia_GDMcaxXS0\" data-ved=\"2ahUKEwia7razzcbiAhWlpYsKHbEyAb8QkAgoADARegQIEBAH\">021\/208-208<\/a><\/p>\n<p>Ukoliko trebate dodatne informacije kako nas prona\u0107i kontaktirajte nas na broj telefona:\u00a0<a class=\"fl r-iIfRCilkzy3Y\" title=\"Poziv putem Hangoutsa\" href=\"https:\/\/www.google.com\/search?rlz=1C1EJFA_enHR763HR763&amp;ei=Lo7xXOWkJoyvrgSWuo6ADQ&amp;q=city+center+one+split&amp;oq=city&amp;gs_l=psy-ab.1.0.0i67l2j0j0i67j0l3j0i131l2j0.16908.312473..313545...0.0..0.152.1801.0j16......0....1..gws-wiz.......0i71.h6M3qEqDcWs#\" data-number=\"+38521510130\" data-pstn-out-call-url=\"\" data-rtid=\"iIfRCilkzy3Y\" data-ved=\"2ahUKEwj7oqLUzsbiAhXqk4sKHczlBVYQkAgoADAVegQIDBAP\">021\/510-130<\/a><\/p>\n\n            <\/div>\n        \n    <\/div>\n\n    <div class=\"contact__column col-12\">\n\n            <div id=\"contact-0\" class=\"contact__map\" style=\"height: 400px;\">\n    <iframe\n      src=\"https:\/\/www.google.com\/maps?q=43.5130187,16.5039355&#038;z=14&#038;output=embed\"\n      width=\"100%\"\n      height=\"100%\"\n      frameborder=\"0\"\n      style=\"border:0;\"\n      allowfullscreen\n      loading=\"lazy\"\n      referrerpolicy=\"no-referrer-when-downgrade\">\n    <\/iframe>\n  <\/div>\n\n        \n    <\/div>\n\n<\/div>\n\n<script>\n    $(document).ready(function() {\n        var args_map = {\n            \"blockId\": \"contact-0\",\n            \"lat\": 43.5130187,\n            \"lng\": 16.5039355,\n            \"address\": \"City Center one Split, Vukovarska ulica, Split, Croatia\"\n        };\n        am2.main.loadScript('google-map', 'https:\/\/maps.googleapis.com\/maps\/api\/js?key=AIzaSyCLdiaGQElkOmkK7ZI1NJvWMvq1LYzH1pA&callback=initMap', function() {\n            return am2.main.googleMap(args_map);\n        });\n\n        var args_lightbox = {\n            \"blockId\": \"gallery-0\"\n        };\n        am2.main.loadScript('slick-lightbox', am2.templateDirectory + '\/assets\/js\/slick-lightbox.min.js', function() {\n            return am2.main.slickLight(args_lightbox);\n        });\n    });\n<\/script>\n\t","protected":false},"excerpt":{"rendered":"","protected":false},"author":1,"featured_media":0,"parent":0,"menu_order":14,"comment_status":"closed","ping_status":"closed","template":"page-templates\/page-wide.php","meta":{"_acf_changed":false,"footnotes":""},"class_list":["post-282","page","type-page","status-publish","hentry"],"acf":[],"yoast_head":"<!-- This site is optimized with the Yoast SEO plugin v27.2 - https:\/\/yoast.com\/product\/yoast-seo-wordpress\/ -->\n<title>Kako do nas - City Center one Split<\/title>\n<meta name=\"description\" content=\"City Center one Split nalazi se u Vukovarskoj 207, a jednostavno \u0107ete ga prona\u0107i bilo da dolazite automobilom ili javnim gradskim prijevozom.\" \/>\n<meta name=\"robots\" content=\"index, follow, max-snippet:-1, max-image-preview:large, max-video-preview:-1\" \/>\n<link rel=\"canonical\" href=\"https:\/\/citycenterone.hr\/split\/kako-do-nas\/\" \/>\n<meta property=\"og:locale\" content=\"hr_HR\" \/>\n<meta property=\"og:type\" content=\"article\" \/>\n<meta property=\"og:title\" content=\"Kako do nas - City Center one Split\" \/>\n<meta property=\"og:description\" content=\"City Center one Split nalazi se u Vukovarskoj 207, a jednostavno \u0107ete ga prona\u0107i bilo da dolazite automobilom ili javnim gradskim prijevozom.\" \/>\n<meta property=\"og:url\" content=\"https:\/\/citycenterone.hr\/split\/kako-do-nas\/\" \/>\n<meta property=\"og:site_name\" content=\"Split\" \/>\n<meta property=\"article:modified_time\" content=\"2023-09-25T12:42:00+00:00\" \/>\n<meta name=\"twitter:card\" content=\"summary_large_image\" \/>\n<script type=\"application\/ld+json\" class=\"yoast-schema-graph\">{\"@context\":\"https:\/\/schema.org\",\"@graph\":[{\"@type\":\"WebPage\",\"@id\":\"https:\/\/citycenterone.hr\/split\/kako-do-nas\/\",\"url\":\"https:\/\/citycenterone.hr\/split\/kako-do-nas\/\",\"name\":\"Kako do nas - City Center one Split\",\"isPartOf\":{\"@id\":\"https:\/\/citycenterone.hr\/split\/#website\"},\"datePublished\":\"2017-08-08T10:28:12+00:00\",\"dateModified\":\"2023-09-25T12:42:00+00:00\",\"description\":\"City Center one Split nalazi se u Vukovarskoj 207, a jednostavno \u0107ete ga prona\u0107i bilo da dolazite automobilom ili javnim gradskim prijevozom.\",\"breadcrumb\":{\"@id\":\"https:\/\/citycenterone.hr\/split\/kako-do-nas\/#breadcrumb\"},\"inLanguage\":\"hr-HR\",\"potentialAction\":[{\"@type\":\"ReadAction\",\"target\":[\"https:\/\/citycenterone.hr\/split\/kako-do-nas\/\"]}]},{\"@type\":\"BreadcrumbList\",\"@id\":\"https:\/\/citycenterone.hr\/split\/kako-do-nas\/#breadcrumb\",\"itemListElement\":[{\"@type\":\"ListItem\",\"position\":1,\"name\":\"Home\",\"item\":\"https:\/\/citycenterone.hr\/split\/\"},{\"@type\":\"ListItem\",\"position\":2,\"name\":\"KAKO DO NAS\"}]},{\"@type\":\"WebSite\",\"@id\":\"https:\/\/citycenterone.hr\/split\/#website\",\"url\":\"https:\/\/citycenterone.hr\/split\/\",\"name\":\"Split\",\"description\":\"Just another City Center One site\",\"potentialAction\":[{\"@type\":\"SearchAction\",\"target\":{\"@type\":\"EntryPoint\",\"urlTemplate\":\"https:\/\/citycenterone.hr\/split\/?s={search_term_string}\"},\"query-input\":{\"@type\":\"PropertyValueSpecification\",\"valueRequired\":true,\"valueName\":\"search_term_string\"}}],\"inLanguage\":\"hr-HR\"}]}<\/script>\n<!-- \/ Yoast SEO plugin. -->","yoast_head_json":{"title":"Kako do nas - City Center one Split","description":"City Center one Split nalazi se u Vukovarskoj 207, a jednostavno \u0107ete ga prona\u0107i bilo da dolazite automobilom ili javnim gradskim prijevozom.","robots":{"index":"index","follow":"follow","max-snippet":"max-snippet:-1","max-image-preview":"max-image-preview:large","max-video-preview":"max-video-preview:-1"},"canonical":"https:\/\/citycenterone.hr\/split\/kako-do-nas\/","og_locale":"hr_HR","og_type":"article","og_title":"Kako do nas - City Center one Split","og_description":"City Center one Split nalazi se u Vukovarskoj 207, a jednostavno \u0107ete ga prona\u0107i bilo da dolazite automobilom ili javnim gradskim prijevozom.","og_url":"https:\/\/citycenterone.hr\/split\/kako-do-nas\/","og_site_name":"Split","article_modified_time":"2023-09-25T12:42:00+00:00","twitter_card":"summary_large_image","schema":{"@context":"https:\/\/schema.org","@graph":[{"@type":"WebPage","@id":"https:\/\/citycenterone.hr\/split\/kako-do-nas\/","url":"https:\/\/citycenterone.hr\/split\/kako-do-nas\/","name":"Kako do nas - City Center one Split","isPartOf":{"@id":"https:\/\/citycenterone.hr\/split\/#website"},"datePublished":"2017-08-08T10:28:12+00:00","dateModified":"2023-09-25T12:42:00+00:00","description":"City Center one Split nalazi se u Vukovarskoj 207, a jednostavno \u0107ete ga prona\u0107i bilo da dolazite automobilom ili javnim gradskim prijevozom.","breadcrumb":{"@id":"https:\/\/citycenterone.hr\/split\/kako-do-nas\/#breadcrumb"},"inLanguage":"hr-HR","potentialAction":[{"@type":"ReadAction","target":["https:\/\/citycenterone.hr\/split\/kako-do-nas\/"]}]},{"@type":"BreadcrumbList","@id":"https:\/\/citycenterone.hr\/split\/kako-do-nas\/#breadcrumb","itemListElement":[{"@type":"ListItem","position":1,"name":"Home","item":"https:\/\/citycenterone.hr\/split\/"},{"@type":"ListItem","position":2,"name":"KAKO DO NAS"}]},{"@type":"WebSite","@id":"https:\/\/citycenterone.hr\/split\/#website","url":"https:\/\/citycenterone.hr\/split\/","name":"Split","description":"Just another City Center One site","potentialAction":[{"@type":"SearchAction","target":{"@type":"EntryPoint","urlTemplate":"https:\/\/citycenterone.hr\/split\/?s={search_term_string}"},"query-input":{"@type":"PropertyValueSpecification","valueRequired":true,"valueName":"search_term_string"}}],"inLanguage":"hr-HR"}]}},"_links":{"self":[{"href":"https:\/\/citycenterone.hr\/split\/wp-json\/wp\/v2\/pages\/282","targetHints":{"allow":["GET"]}}],"collection":[{"href":"https:\/\/citycenterone.hr\/split\/wp-json\/wp\/v2\/pages"}],"about":[{"href":"https:\/\/citycenterone.hr\/split\/wp-json\/wp\/v2\/types\/page"}],"author":[{"embeddable":true,"href":"https:\/\/citycenterone.hr\/split\/wp-json\/wp\/v2\/users\/1"}],"replies":[{"embeddable":true,"href":"https:\/\/citycenterone.hr\/split\/wp-json\/wp\/v2\/comments?post=282"}],"version-history":[{"count":4,"href":"https:\/\/citycenterone.hr\/split\/wp-json\/wp\/v2\/pages\/282\/revisions"}],"predecessor-version":[{"id":64798,"href":"https:\/\/citycenterone.hr\/split\/wp-json\/wp\/v2\/pages\/282\/revisions\/64798"}],"wp:attachment":[{"href":"https:\/\/citycenterone.hr\/split\/wp-json\/wp\/v2\/media?parent=282"}],"curies":[{"name":"wp","href":"https:\/\/api.w.org\/{rel}","templated":true}]}}