{"id":54,"date":"2017-08-07T15:19:08","date_gmt":"2017-08-07T15:19:08","guid":{"rendered":"http:\/\/citycenterone.hr\/zagreb-east\/?page_id=54"},"modified":"2020-02-29T14:51:53","modified_gmt":"2020-02-29T14:51:53","slug":"kako-do-nas","status":"publish","type":"page","link":"https:\/\/citycenterone.hr\/zagreb-east\/kako-do-nas\/","title":{"rendered":"Kako do nas"},"content":{"rendered":"<div class=\"contact clearfix\">\n\n    <div class=\"contact__column col-12\">\n\n                    <h2 class=\"contact__title\">\n                Kako do nas\n            <\/h2>\n        \n                    <div class=\"contact__content\">\n                <p>City Center one East smje\u0161ten je u isto\u010dnom dijelu grada Zagreba, to\u010dnije u poslovnoj zoni \u017ditnjak, uz najfrekventniju zagreba\u010dku prometnicu, Slavonsku aveniju, na broju 11d. Svega nekoliko minuta udaljen od isto\u010dnog ulaza u grad, Centar je odli\u010dno prometno povezan sa svim bli\u017eim i daljim okolnim mjestima, a od samog sredi\u0161ta Zagreba udaljen je otprilike 15 minuta vo\u017enje. Centar je dostupan iz svih dijelova grada, automobilom ili javnim gradskim prijevozom.<\/p>\n<p>Autobusne linije broj 107, 214, 215, 216, 222, 225, 276, 281 i 282 dovest \u0107e vas do Centra.<br \/>\nTramvajskim linijama broj 2, 3 i 13 mo\u017eete do\u0107i do\u00a0<strong>stanice \u017ditnjak<\/strong>\u00a0te potom presjesti na autobusnu\u00a0<strong>stanicu Elka<\/strong>\u00a0gdje \u0107e vas autobusne linije<strong>\u00a0107, 214, 216, 222, 276 i 281<\/strong>\u00a0dovesti do Centra.<br \/>\nRaspored autobusnih i tramvajskih linija pogledajte na\u00a0<a href=\"http:\/\/www.zet.hr\/\" target=\"_blank\" rel=\"noopener\">zet.hr<\/a>.<\/p>\n<p>Ukoliko trebate dodatne informacije kako nas prona\u0107i kontaktirajte nas na broj telefona:\u00a0<strong>+ 385 1 555 6969<\/strong><\/p>\n\n            <\/div>\n        \n    <\/div>\n\n    <div class=\"contact__column col-12\">\n\n            <div id=\"contact-0\" class=\"contact__map\" style=\"height: 400px;\">\n    <iframe\n      src=\"https:\/\/www.google.com\/maps?q=45.80294019999999,16.0486875&#038;z=14&#038;output=embed\"\n      width=\"100%\"\n      height=\"100%\"\n      frameborder=\"0\"\n      style=\"border:0;\"\n      allowfullscreen\n      loading=\"lazy\"\n      referrerpolicy=\"no-referrer-when-downgrade\">\n    <\/iframe>\n  <\/div>\n\n        \n    <\/div>\n\n<\/div>\n\n<script>\n    $(document).ready(function() {\n        var args_map = {\n            \"blockId\": \"contact-0\",\n            \"lat\": 45.80294019999999,\n            \"lng\": 16.0486875,\n            \"address\": \"Ul. Sini\u0161e Glava\u0161evi\u0107a, 10000, Zagreb, Croatia\"\n        };\n        am2.main.loadScript('google-map', 'https:\/\/maps.googleapis.com\/maps\/api\/js?key=AIzaSyCLdiaGQElkOmkK7ZI1NJvWMvq1LYzH1pA&callback=initMap', function() {\n            return am2.main.googleMap(args_map);\n        });\n\n        var args_lightbox = {\n            \"blockId\": \"gallery-0\"\n        };\n        am2.main.loadScript('slick-lightbox', am2.templateDirectory + '\/assets\/js\/slick-lightbox.min.js', function() {\n            return am2.main.slickLight(args_lightbox);\n        });\n    });\n<\/script>\n\t","protected":false},"excerpt":{"rendered":"","protected":false},"author":1,"featured_media":0,"parent":0,"menu_order":14,"comment_status":"closed","ping_status":"closed","template":"page-templates\/page-wide.php","meta":{"_acf_changed":false,"footnotes":""},"class_list":["post-54","page","type-page","status-publish","hentry"],"acf":[],"yoast_head":"<!-- This site is optimized with the Yoast SEO plugin v27.2 - https:\/\/yoast.com\/product\/yoast-seo-wordpress\/ -->\n<title>Kako do nas - City Center one East<\/title>\n<meta name=\"description\" content=\"City Center one East smje\u0161ten je u isto\u010dnom dijelu Zagreba, uz Slavonsku aveniju, na broju 11d. Vidimo se!\" \/>\n<meta name=\"robots\" content=\"index, follow, max-snippet:-1, max-image-preview:large, max-video-preview:-1\" \/>\n<link rel=\"canonical\" href=\"https:\/\/citycenterone.hr\/zagreb-east\/kako-do-nas\/\" \/>\n<meta property=\"og:locale\" content=\"hr_HR\" \/>\n<meta property=\"og:type\" content=\"article\" \/>\n<meta property=\"og:title\" content=\"Kako do nas - City Center one East\" \/>\n<meta property=\"og:description\" content=\"City Center one East smje\u0161ten je u isto\u010dnom dijelu Zagreba, uz Slavonsku aveniju, na broju 11d. Vidimo se!\" \/>\n<meta property=\"og:url\" content=\"https:\/\/citycenterone.hr\/zagreb-east\/kako-do-nas\/\" \/>\n<meta property=\"og:site_name\" content=\"Zagreb East\" \/>\n<meta property=\"article:modified_time\" content=\"2020-02-29T14:51:53+00:00\" \/>\n<meta name=\"twitter:card\" content=\"summary_large_image\" \/>\n<script type=\"application\/ld+json\" class=\"yoast-schema-graph\">{\"@context\":\"https:\/\/schema.org\",\"@graph\":[{\"@type\":\"WebPage\",\"@id\":\"https:\/\/citycenterone.hr\/zagreb-east\/kako-do-nas\/\",\"url\":\"https:\/\/citycenterone.hr\/zagreb-east\/kako-do-nas\/\",\"name\":\"Kako do nas - City Center one East\",\"isPartOf\":{\"@id\":\"https:\/\/citycenterone.hr\/zagreb-east\/#website\"},\"datePublished\":\"2017-08-07T15:19:08+00:00\",\"dateModified\":\"2020-02-29T14:51:53+00:00\",\"description\":\"City Center one East smje\u0161ten je u isto\u010dnom dijelu Zagreba, uz Slavonsku aveniju, na broju 11d. Vidimo se!\",\"breadcrumb\":{\"@id\":\"https:\/\/citycenterone.hr\/zagreb-east\/kako-do-nas\/#breadcrumb\"},\"inLanguage\":\"hr-HR\",\"potentialAction\":[{\"@type\":\"ReadAction\",\"target\":[\"https:\/\/citycenterone.hr\/zagreb-east\/kako-do-nas\/\"]}]},{\"@type\":\"BreadcrumbList\",\"@id\":\"https:\/\/citycenterone.hr\/zagreb-east\/kako-do-nas\/#breadcrumb\",\"itemListElement\":[{\"@type\":\"ListItem\",\"position\":1,\"name\":\"Home\",\"item\":\"https:\/\/citycenterone.hr\/zagreb-east\/\"},{\"@type\":\"ListItem\",\"position\":2,\"name\":\"Kako do nas\"}]},{\"@type\":\"WebSite\",\"@id\":\"https:\/\/citycenterone.hr\/zagreb-east\/#website\",\"url\":\"https:\/\/citycenterone.hr\/zagreb-east\/\",\"name\":\"Zagreb East\",\"description\":\"Just another City Centar One site\",\"potentialAction\":[{\"@type\":\"SearchAction\",\"target\":{\"@type\":\"EntryPoint\",\"urlTemplate\":\"https:\/\/citycenterone.hr\/zagreb-east\/?s={search_term_string}\"},\"query-input\":{\"@type\":\"PropertyValueSpecification\",\"valueRequired\":true,\"valueName\":\"search_term_string\"}}],\"inLanguage\":\"hr-HR\"}]}<\/script>\n<!-- \/ Yoast SEO plugin. -->","yoast_head_json":{"title":"Kako do nas - City Center one East","description":"City Center one East smje\u0161ten je u isto\u010dnom dijelu Zagreba, uz Slavonsku aveniju, na broju 11d. Vidimo se!","robots":{"index":"index","follow":"follow","max-snippet":"max-snippet:-1","max-image-preview":"max-image-preview:large","max-video-preview":"max-video-preview:-1"},"canonical":"https:\/\/citycenterone.hr\/zagreb-east\/kako-do-nas\/","og_locale":"hr_HR","og_type":"article","og_title":"Kako do nas - City Center one East","og_description":"City Center one East smje\u0161ten je u isto\u010dnom dijelu Zagreba, uz Slavonsku aveniju, na broju 11d. Vidimo se!","og_url":"https:\/\/citycenterone.hr\/zagreb-east\/kako-do-nas\/","og_site_name":"Zagreb East","article_modified_time":"2020-02-29T14:51:53+00:00","twitter_card":"summary_large_image","schema":{"@context":"https:\/\/schema.org","@graph":[{"@type":"WebPage","@id":"https:\/\/citycenterone.hr\/zagreb-east\/kako-do-nas\/","url":"https:\/\/citycenterone.hr\/zagreb-east\/kako-do-nas\/","name":"Kako do nas - City Center one East","isPartOf":{"@id":"https:\/\/citycenterone.hr\/zagreb-east\/#website"},"datePublished":"2017-08-07T15:19:08+00:00","dateModified":"2020-02-29T14:51:53+00:00","description":"City Center one East smje\u0161ten je u isto\u010dnom dijelu Zagreba, uz Slavonsku aveniju, na broju 11d. Vidimo se!","breadcrumb":{"@id":"https:\/\/citycenterone.hr\/zagreb-east\/kako-do-nas\/#breadcrumb"},"inLanguage":"hr-HR","potentialAction":[{"@type":"ReadAction","target":["https:\/\/citycenterone.hr\/zagreb-east\/kako-do-nas\/"]}]},{"@type":"BreadcrumbList","@id":"https:\/\/citycenterone.hr\/zagreb-east\/kako-do-nas\/#breadcrumb","itemListElement":[{"@type":"ListItem","position":1,"name":"Home","item":"https:\/\/citycenterone.hr\/zagreb-east\/"},{"@type":"ListItem","position":2,"name":"Kako do nas"}]},{"@type":"WebSite","@id":"https:\/\/citycenterone.hr\/zagreb-east\/#website","url":"https:\/\/citycenterone.hr\/zagreb-east\/","name":"Zagreb East","description":"Just another City Centar One site","potentialAction":[{"@type":"SearchAction","target":{"@type":"EntryPoint","urlTemplate":"https:\/\/citycenterone.hr\/zagreb-east\/?s={search_term_string}"},"query-input":{"@type":"PropertyValueSpecification","valueRequired":true,"valueName":"search_term_string"}}],"inLanguage":"hr-HR"}]}},"_links":{"self":[{"href":"https:\/\/citycenterone.hr\/zagreb-east\/wp-json\/wp\/v2\/pages\/54","targetHints":{"allow":["GET"]}}],"collection":[{"href":"https:\/\/citycenterone.hr\/zagreb-east\/wp-json\/wp\/v2\/pages"}],"about":[{"href":"https:\/\/citycenterone.hr\/zagreb-east\/wp-json\/wp\/v2\/types\/page"}],"author":[{"embeddable":true,"href":"https:\/\/citycenterone.hr\/zagreb-east\/wp-json\/wp\/v2\/users\/1"}],"replies":[{"embeddable":true,"href":"https:\/\/citycenterone.hr\/zagreb-east\/wp-json\/wp\/v2\/comments?post=54"}],"version-history":[{"count":3,"href":"https:\/\/citycenterone.hr\/zagreb-east\/wp-json\/wp\/v2\/pages\/54\/revisions"}],"predecessor-version":[{"id":32880,"href":"https:\/\/citycenterone.hr\/zagreb-east\/wp-json\/wp\/v2\/pages\/54\/revisions\/32880"}],"wp:attachment":[{"href":"https:\/\/citycenterone.hr\/zagreb-east\/wp-json\/wp\/v2\/media?parent=54"}],"curies":[{"name":"wp","href":"https:\/\/api.w.org\/{rel}","templated":true}]}}