{"id":11070,"date":"2018-08-07T10:55:02","date_gmt":"2018-08-07T10:55:02","guid":{"rendered":"http:\/\/citycenterone.hr\/zagreb-west\/?page_id=11070"},"modified":"2023-06-20T08:55:30","modified_gmt":"2023-06-20T08:55:30","slug":"newsletter","status":"publish","type":"page","link":"https:\/\/citycenterone.hr\/zagreb-west\/newsletter\/","title":{"rendered":"Newsletter"},"content":{"rendered":"<div id=\"am2-slider-0\" class=\"am2-slider\" itemscope itemtype=\"http:\/\/schema.org\/Article\">\n\n            <div class=\"am2-slider__item am2-slider__item--no-link  \">\n                            <div class=\"am2-slider__link\">\n            \n                                    <div class=\"am2-slider__column js-match-height\">\n                        <figure class=\"am2-slider__image\" style=\"background-image: url('https:\/\/citycenterone.hr\/zagreb-west\/wp-content\/uploads\/sites\/2\/2018\/08\/cco_imiage_newsletter-2.jpg'); background-position: 50% 50%\">\n                            <meta itemprop=\"image\" content=\"https:\/\/citycenterone.hr\/zagreb-west\/wp-content\/uploads\/sites\/2\/2018\/08\/cco_imiage_newsletter-2.jpg\">\n                        <\/figure>\n                    <\/div>\n                    <div class=\"am2-slider__column js-match-height\">\n                                                    <div class=\"am2-slider__content\">\n\n                                                                    <h2 class=\"am2-slider__title\">\n                                        NEWSLETTER\n                                    <\/h2>\n                                \n                                                                    <div class=\"am2-slider__desc\">\n                                        <p>Prijavite se za primanje newslettera City Centera one Zagreb pa \u0107e ekskluzivan sadr\u017eaj, najbolji popusti, najave doga\u0111anja i odabrane novosti redovito stizati u va\u0161 e-sandu\u010di\u0107. <\/p>\n<p><a class=\"am2-slider__button\" target=\"_blank\" href=\"http:\/\/eepurl.com\/iqZjLI\">PRIJAVI SE<\/a><\/p>\n\n                                    <\/div>\n                                \n                                \n                            <\/div>\n                                            <\/div>\n                \n                \n                           <\/div>\n            \n        <\/div> <!-- end: am2-slider__item -->\n    \n<\/div>\n\n\n    <style>\n        .am2-slider__item:nth-child(1) {\n            background-color: #dc9ea5;\n        }\n        .am2-slider__item:nth-child(1) .am2-slider__column:last-child:before {\n            border-bottom-color: #dc9ea5;\n        }\n    <\/style>\n    \n\n<script>\n    $(document).ready(function() {\n\n        var args_match = {\n            \"blockClass\": \"js-match-height\"\n        };\n        am2.main.loadScript('match-height', am2.templateDirectory + '\/assets\/js\/jquery.matchHeight.js', function() {\n            am2.main.matchHeight(args_match);\n        });\n\n        var args = {\n            \"blockId\": \"am2-slider-0\",\n            \"options\": {\n                \"slidesToShow\": 1,\n                \"slidesToScroll\": 1,\n                \"autoplay\": true,\n                \"autoplaySpeed\": 7000,\n                \"dots\": true,\n                \"arrows\": false,\n                \"infinite\": false,\n                \/\/\"useCSS\": true,\n                \/\/\"cssEase\": 'cubic-bezier(.694, .0482, .335, 1)',\n                \/\/\"useTransform\": true,\n                \"adaptiveHeight\": true,\n            }\n        };\n\n        am2.main.slickSlider(args);\n\n    });\n<\/script>\n\t\n\n\n<div class=\"wp-block-group\"><div class=\"wp-block-group__inner-container is-layout-flow wp-block-group-is-layout-flow\">\n<div class=\"wp-block-group\"><div class=\"wp-block-group__inner-container is-layout-flow wp-block-group-is-layout-flow\">\n<div class=\"wp-block-group has-background\" style=\"background-color:#ededed\"><div class=\"wp-block-group__inner-container is-layout-flow wp-block-group-is-layout-flow\">\n<div style=\"height:59px\" aria-hidden=\"true\" class=\"wp-block-spacer\"><\/div>\n\n\n\n<h3 class=\"has-text-align-center wp-block-heading\" style=\"font-size:16px\"><strong>Uvjeti obrade osobnih podataka<\/strong><\/h3>\n\n\n\n<p class=\"has-text-align-center\" style=\"font-size:12px\">Klikom na gumb \u201ePrijavi se\u201c dajete svoje privolu za primanje newslettera. Imate pravo u bilo kojem trenutku, potpuno besplatno, povu\u0107i svoju privolu, odnosno, <br>tra\u017eiti brisanje svoje e-mail adrese iz na\u0161e baze podataka za slanje newslettera \u2013 bilo klikom na link \u2018odjava\u2019 koji se nalazi na dnu e-mailova koje primate <br>ili slanjem zahtjeva na e-mail adresu&nbsp;<a href=\"mailto:%20newsletter@citycenterone.com\">newsletter@citycenterone.com<\/a>.<\/p>\n\n\n\n<p class=\"has-text-align-center\" style=\"font-size:12px\">Za vi\u0161e informacija o uvjetima obrade kliknite na&nbsp;<a href=\"https:\/\/citycenterone.hr\/zagreb-west\/pravila-privatnosti\/\" target=\"_blank\" rel=\"noreferrer noopener\">Pravila privatnosti<\/a>.<\/p>\n\n\n\n<div style=\"height:60px\" aria-hidden=\"true\" class=\"wp-block-spacer\"><\/div>\n<\/div><\/div>\n<\/div><\/div>\n<\/div><\/div>\n\n\n\n<style>.wp-container-3.wp-block-group {    margin-top: -30px;}<\/style>\n","protected":false},"excerpt":{"rendered":"<p>Uvjeti obrade osobnih podataka Klikom na gumb \u201ePrijavi se\u201c dajete svoje privolu za primanje newslettera. Imate pravo u bilo kojem trenutku, potpuno besplatno, povu\u0107i svoju privolu, odnosno, tra\u017eiti brisanje svoje e-mail adrese iz na\u0161e baze podataka za slanje newslettera \u2013 bilo klikom na link \u2018odjava\u2019 koji se nalazi na dnu e-mailova koje primate ili slanjem [&hellip;]<\/p>\n","protected":false},"author":1,"featured_media":0,"parent":0,"menu_order":5,"comment_status":"closed","ping_status":"closed","template":"page-templates\/page-newsletter.php","meta":{"_acf_changed":false,"footnotes":""},"class_list":["post-11070","page","type-page","status-publish","hentry"],"acf":[],"yoast_head":"<!-- This site is optimized with the Yoast SEO plugin v27.3 - https:\/\/yoast.com\/product\/yoast-seo-wordpress\/ -->\n<title>Newsletter - Zagreb West<\/title>\n<meta name=\"robots\" content=\"index, follow, max-snippet:-1, max-image-preview:large, max-video-preview:-1\" \/>\n<link rel=\"canonical\" href=\"https:\/\/citycenterone.hr\/zagreb-west\/newsletter\/\" \/>\n<meta property=\"og:locale\" content=\"hr_HR\" \/>\n<meta property=\"og:type\" content=\"article\" \/>\n<meta property=\"og:title\" content=\"Newsletter - Zagreb West\" \/>\n<meta property=\"og:description\" content=\"Uvjeti obrade osobnih podataka Klikom na gumb \u201ePrijavi se\u201c dajete svoje privolu za primanje newslettera. Imate pravo u bilo kojem trenutku, potpuno besplatno, povu\u0107i svoju privolu, odnosno, tra\u017eiti brisanje svoje e-mail adrese iz na\u0161e baze podataka za slanje newslettera \u2013 bilo klikom na link \u2018odjava\u2019 koji se nalazi na dnu e-mailova koje primate ili slanjem [&hellip;]\" \/>\n<meta property=\"og:url\" content=\"https:\/\/citycenterone.hr\/zagreb-west\/newsletter\/\" \/>\n<meta property=\"og:site_name\" content=\"Zagreb West\" \/>\n<meta property=\"article:modified_time\" content=\"2023-06-20T08:55:30+00:00\" \/>\n<meta name=\"twitter:card\" content=\"summary_large_image\" \/>\n<meta name=\"twitter:label1\" content=\"Est. reading time\" \/>\n\t<meta name=\"twitter:data1\" content=\"1 minute\" \/>\n<script type=\"application\/ld+json\" class=\"yoast-schema-graph\">{\"@context\":\"https:\\\/\\\/schema.org\",\"@graph\":[{\"@type\":\"WebPage\",\"@id\":\"https:\\\/\\\/citycenterone.hr\\\/zagreb-west\\\/newsletter\\\/\",\"url\":\"https:\\\/\\\/citycenterone.hr\\\/zagreb-west\\\/newsletter\\\/\",\"name\":\"Newsletter - Zagreb West\",\"isPartOf\":{\"@id\":\"https:\\\/\\\/citycenterone.hr\\\/zagreb-west\\\/#website\"},\"datePublished\":\"2018-08-07T10:55:02+00:00\",\"dateModified\":\"2023-06-20T08:55:30+00:00\",\"breadcrumb\":{\"@id\":\"https:\\\/\\\/citycenterone.hr\\\/zagreb-west\\\/newsletter\\\/#breadcrumb\"},\"inLanguage\":\"hr-HR\",\"potentialAction\":[{\"@type\":\"ReadAction\",\"target\":[\"https:\\\/\\\/citycenterone.hr\\\/zagreb-west\\\/newsletter\\\/\"]}]},{\"@type\":\"BreadcrumbList\",\"@id\":\"https:\\\/\\\/citycenterone.hr\\\/zagreb-west\\\/newsletter\\\/#breadcrumb\",\"itemListElement\":[{\"@type\":\"ListItem\",\"position\":1,\"name\":\"Home\",\"item\":\"https:\\\/\\\/citycenterone.hr\\\/zagreb-west\\\/\"},{\"@type\":\"ListItem\",\"position\":2,\"name\":\"Newsletter\"}]},{\"@type\":\"WebSite\",\"@id\":\"https:\\\/\\\/citycenterone.hr\\\/zagreb-west\\\/#website\",\"url\":\"https:\\\/\\\/citycenterone.hr\\\/zagreb-west\\\/\",\"name\":\"Zagreb West\",\"description\":\"Just another City Centar One site\",\"potentialAction\":[{\"@type\":\"SearchAction\",\"target\":{\"@type\":\"EntryPoint\",\"urlTemplate\":\"https:\\\/\\\/citycenterone.hr\\\/zagreb-west\\\/?s={search_term_string}\"},\"query-input\":{\"@type\":\"PropertyValueSpecification\",\"valueRequired\":true,\"valueName\":\"search_term_string\"}}],\"inLanguage\":\"hr-HR\"}]}<\/script>\n<!-- \/ Yoast SEO plugin. -->","yoast_head_json":{"title":"Newsletter - Zagreb West","robots":{"index":"index","follow":"follow","max-snippet":"max-snippet:-1","max-image-preview":"max-image-preview:large","max-video-preview":"max-video-preview:-1"},"canonical":"https:\/\/citycenterone.hr\/zagreb-west\/newsletter\/","og_locale":"hr_HR","og_type":"article","og_title":"Newsletter - Zagreb West","og_description":"Uvjeti obrade osobnih podataka Klikom na gumb \u201ePrijavi se\u201c dajete svoje privolu za primanje newslettera. Imate pravo u bilo kojem trenutku, potpuno besplatno, povu\u0107i svoju privolu, odnosno, tra\u017eiti brisanje svoje e-mail adrese iz na\u0161e baze podataka za slanje newslettera \u2013 bilo klikom na link \u2018odjava\u2019 koji se nalazi na dnu e-mailova koje primate ili slanjem [&hellip;]","og_url":"https:\/\/citycenterone.hr\/zagreb-west\/newsletter\/","og_site_name":"Zagreb West","article_modified_time":"2023-06-20T08:55:30+00:00","twitter_card":"summary_large_image","twitter_misc":{"Est. reading time":"1 minute"},"schema":{"@context":"https:\/\/schema.org","@graph":[{"@type":"WebPage","@id":"https:\/\/citycenterone.hr\/zagreb-west\/newsletter\/","url":"https:\/\/citycenterone.hr\/zagreb-west\/newsletter\/","name":"Newsletter - Zagreb West","isPartOf":{"@id":"https:\/\/citycenterone.hr\/zagreb-west\/#website"},"datePublished":"2018-08-07T10:55:02+00:00","dateModified":"2023-06-20T08:55:30+00:00","breadcrumb":{"@id":"https:\/\/citycenterone.hr\/zagreb-west\/newsletter\/#breadcrumb"},"inLanguage":"hr-HR","potentialAction":[{"@type":"ReadAction","target":["https:\/\/citycenterone.hr\/zagreb-west\/newsletter\/"]}]},{"@type":"BreadcrumbList","@id":"https:\/\/citycenterone.hr\/zagreb-west\/newsletter\/#breadcrumb","itemListElement":[{"@type":"ListItem","position":1,"name":"Home","item":"https:\/\/citycenterone.hr\/zagreb-west\/"},{"@type":"ListItem","position":2,"name":"Newsletter"}]},{"@type":"WebSite","@id":"https:\/\/citycenterone.hr\/zagreb-west\/#website","url":"https:\/\/citycenterone.hr\/zagreb-west\/","name":"Zagreb West","description":"Just another City Centar One site","potentialAction":[{"@type":"SearchAction","target":{"@type":"EntryPoint","urlTemplate":"https:\/\/citycenterone.hr\/zagreb-west\/?s={search_term_string}"},"query-input":{"@type":"PropertyValueSpecification","valueRequired":true,"valueName":"search_term_string"}}],"inLanguage":"hr-HR"}]}},"_links":{"self":[{"href":"https:\/\/citycenterone.hr\/zagreb-west\/wp-json\/wp\/v2\/pages\/11070","targetHints":{"allow":["GET"]}}],"collection":[{"href":"https:\/\/citycenterone.hr\/zagreb-west\/wp-json\/wp\/v2\/pages"}],"about":[{"href":"https:\/\/citycenterone.hr\/zagreb-west\/wp-json\/wp\/v2\/types\/page"}],"author":[{"embeddable":true,"href":"https:\/\/citycenterone.hr\/zagreb-west\/wp-json\/wp\/v2\/users\/1"}],"replies":[{"embeddable":true,"href":"https:\/\/citycenterone.hr\/zagreb-west\/wp-json\/wp\/v2\/comments?post=11070"}],"version-history":[{"count":4,"href":"https:\/\/citycenterone.hr\/zagreb-west\/wp-json\/wp\/v2\/pages\/11070\/revisions"}],"predecessor-version":[{"id":71987,"href":"https:\/\/citycenterone.hr\/zagreb-west\/wp-json\/wp\/v2\/pages\/11070\/revisions\/71987"}],"wp:attachment":[{"href":"https:\/\/citycenterone.hr\/zagreb-west\/wp-json\/wp\/v2\/media?parent=11070"}],"curies":[{"name":"wp","href":"https:\/\/api.w.org\/{rel}","templated":true}]}}